the remainder when 29370 is divided by 14646.
78
What is the remainder when 10490 is divided by 5?
0
What is the remainder when 3659039 is divided by 1485?
1484
What is the remainder when 20533 is divided by 65?
58
Calculate the remainder when 67429 is divided by 169.
167
What is the remainder when 7157 is divided by 7099?
58
What is the remainder when 67005 is divided by 192?
189
Calculate the remainder when 15683 is divided by 36.
23
What is the remainder when 6240 is divided by 398?
270
Calculate the remainder when 2253 is divided by 204.
9
Calculate the remainder when 170797 is divided by 158.
157
Calculate the remainder when 459865 is divided by 87.
70
Calculate the remainder when 3238 is divided by 3233.
5
What is the remainder when 3457 is divided by 142?
49
Calculate the remainder when 1037 is divided by 266.
239
Calculate the remainder when 29296 is divided by 514.
512
What is the remainder when 575 is divided by 557?
18
Calculate the remainder when 5761 is divided by 17.
15
Calculate the remainder when 144360 is divided by 287.
286
Calculate the remainder when 45192 is divided by 447.
45
Calculate the remainder when 22801 is divided by 222.
157
What is the remainder when 100640 is divided by 17?
0
Calculate the remainder when 1265 is divided by 1253.
12
Calculate the remainder when 4260 is divided by 145.
55
What is the remainder when 4409 is divided by 4310?
99
What is the remainder when 11854 is divided by 2962?
6
Calculate the remainder when 5507 is divided by 290.
287
What is the remainder when 2596 is divided by 2349?
247
Calculate the remainder when 3368 is divided by 175.
43
What is the remainder when 47621 is divided by 735?
581
Calculate the remainder when 8800 is divided by 158.
110
What is the remainder when 17160 is divided by 4284?
24
Calculate the remainder when 127566 is divided by 238.
236
Calculate the remainder when 13723 is divided by 53.
49
Calculate the remainder when 2864591 is divided by 27.
26
What is the remainder when 68262 is divided by 22609?
435
What is the remainder when 1132 is divided by 819?
313
What is the remainder when 54332 is divided by 27161?
10
Calculate the remainder when 12131 is divided by 213.
203
Calculate the remainder when 87277 is divided by 69.
61
Calculate the remainder when 10669 is divided by 183.
55
What is the remainder when 10116 is divided by 1138?
1012
Calculate the remainder when 16823 is divided by 77.
37
Calculate the remainder when 159028 is divided by 190.
188
What is the remainder when 14473 is divided by 4805?
58
What is the remainder when 25148 is divided by 1933?
19
What is the remainder when 13561 is divided by 107?
79
Calculate the remainder when 516656 is divided by 13.
10
Calculate the remainder when 15898 is divided by 56.
50
Calculate the remainder when 5088 is divided by 28.
20
Calculate the remainder when 90758 is divided by 11.
8
Calculate the remainder when 533106 is divided by 29.
28
Calculate the remainder when 107758 is divided by 909.
496
What is the remainder when 896 is divided by 6?
2
Calculate the remainder when 10928 is divided by 5443.
42
What is the remainder when 4246 is divided by 183?
37
What is the remainder when 4570 is divided by 29?
17
Calculate the remainder when 4127 is divided by 196.
11
What is the remainder when 1974 is divided by 143?
115
Calculate the remainder when 71374 is divided by 1519.
1500
What is the remainder when 3728 is divided by 341?
318
What is the remainder when 33261 is divided by 69?
3
Calculate the remainder when 1059 is divided by 145.
44
Calculate the remainder when 72824 is divided by 25.
24
Calculate the remainder when 9488 is divided by 56.
24
What is the remainder when 123027 is divided by 45?
42
Calculate the remainder when 3294 is divided by 14.
4
What is the remainder when 1833 is divided by 1396?
437
Calculate the remainder when 39540 is divided by 1238.
1162
What is the remainder when 14096 is divided by 62?
22
Calculate the remainder when 75915 is divided by 25275.
90
What is the remainder when 171028 is divided by 371?
368
What is the remainder when 12147 is divided by 234?
213
Calculate the remainder when 359898 is divided by 32.
26
What is the remainder when 3353 is divided by 155?
98
Calculate the remainder when 101872 is divided by 87.
82
What is the remainder when 6283 is divided by 509?
175
Calculate the remainder when 406 is divided by 30.
16
What is the remainder when 3477 is divided by 93?
36
What is the remainder when 15060 is divided by 5013?
21
Calculate the remainder when 2190 is divided by 81.
3
Calculate the remainder when 133235 is divided by 35.
25
What is the remainder when 3962 is divided by 399?
371
Calculate the remainder when 306429 is divided by 384.
381
What is the remainder when 1340 is divided by 1305?
35
What is the remainder when 127137 is divided by 9081?
3
Calculate the remainder when 11913 is divided by 3968.
9
Calculate the remainder when 17345 is divided by 2890.
5
What is the remainder when 10807 is divided by 435?
367
What is the remainder when 32486 is divided by 876?
74
Calculate the remainder when 58608 is divided by 977.
965
Calculate the remainder when 10450 is divided by 3413.
211
What is the remainder when 2534 is divided by 1245?
44
What is the remainder when 124028 is divided by 61997?
34
What is the remainder when 1358873 is divided by 59?
44
Calculate the remainder when 2300 is divided by 671.
287
Calculate the remainder when 26523 is divided by 996.
627
Calculate the remainder when 119501 is divided by 31.
27
What is the remainder when 14471 is divided by 414?
395
Calculate the remainder when 30740 is divided by 78.
8
What is the remainder when 208806 is divided by 1330?
1326
Calculate the remainder when 11067 is divided by 369.
366
What is the remainder when 31708 is divided by 360?
28
What is the remainder when 168865 is divided by 165?
70
What is the remainder when 6518 is divided by 225?
218
What is the remainder when 65125 is divided by 64975?
150
Calculate the remainder when 165692 is divided by 436.
12
Calculate the remainder when 1472 is divided by 44.
20
Calculate the remainder when 11211 is divided by 655.
76
What is the remainder when 44612 is divided by 276?
176
Calculate the remainder when 130960 is divided by 169.
154
What is the remainder when 10389 is divided by 529?
338
What is the remainder when 743681 is divided by 1120?
1
What is the remainder when 100375 is divided by 107?
9
Calculate the remainder when 42711 is divided by 10671.
27
Calculate the remainder when 21068 is divided by 338.
112
What is the remainder when 54342 is divided by 684?
306
What is the remainder when 1649 is divided by 1228?
421
What is the remainder when 8310 is divided by 56?
22
Calculate the remainder when 2517 is divided by 87.
81
What is the remainder when 2350 is divided by 54?
28
What is the remainder when 73363 is divided by 67?
65
Calculate the remainder when 155849 is divided by 77918.
13
Calculate the remainder when 29836 is divided by 4.
0
What is the remainder when 34206 is divided by 131?
15
What is the remainder when 123 is divided by 116?
7
Calculate the remainder when 1498730 is divided by 83.
82
Calculate the remainder when 35060 is divided by 11.
3
What is the remainder when 128149 is divided by 224?
21
What is the remainder when 1320 is divided by 685?
635
What is the remainder when 69594 is divided by 69571?
23
Calculate the remainder when 577301 is divided by 2510.
1
What is the remainder when 44124 is divided by 212?
28
What is the remainder when 4015 is divided by 125?
15
Calculate the remainder when 7644 is divided by 129.
33
What is the remainder when 13600 is divided by 6793?
14
Calculate the remainder when 15537 is divided by 35.
32
What is the remainder when 1217 is divided by 594?
29
Calculate the remainder when 21303 is divided by 204.
87
Calculate the remainder when 45405 is divided by 55.
30
What is the remainder when 143502 is divided by 27?
24
What is the remainder when 456875 is divided by 882?
881
What is the remainder when 7268 is divided by 660?
8
What is the remainder when 11461 is divided by 515?
131
What is the remainder when 407 is divided by 187?
33
Calculate the remainder when 23527 is divided by 65.
62
Calculate the 